11*s - a. Let x = -37 + s. Calculate the remainder when 76 is divided by x.
24
Suppose 4*i - 163 = -4*o + 101, 5*o = -3*i + 328. Let u = o + -47. What is the remainder when 276/8 + 2/4 is divided by u?
17
Let u = -5571 - -13381. What is the remainder when u is divided by 4?
2
Suppose -11*a - 13*a + 48 = 0. Suppose 4*g - 3*x = 185 - 0, 5*g = a*x + 240. Calculate the remainder when g is divided by 11.
6
What is the remainder when 685/(-5 - (7 - -3)/(16/(-12))) is divided by 3?
1
Let w be 157 + (-3 - -1)/2. Suppose -11*n + 875 = -522. Suppose 4*t + 3*r - n = 0, -7*t - r + w = -2*t. Calculate the remainder when 119 is divided by t.
26
Let q = 2513 - 1679. Suppose -6*b = -0*b - q. What is the remainder when b is divided by 20?
19
Let c = -9932 - -10568. Calculate the remainder when c is divided by 208.
12
Let f(z) = -z**2 - 54*z - 13. Calculate the remainder when 1882 is divided by f(-52).
62
Let b(v) = -33*v - 130. Let y be b(-4). Suppose 0 = 5*w - 9*a + 4*a - 1295, -y*a + 1048 = 4*w. Calculate the remainder when w is divided by 14.
9
Let v = -5436 + 5554. What is the remainder when v is divided by 1?
0
Let u = 12 - 5. Suppose -u = -c - 2*m, 3*c - 21 = 2*m - m. Suppose y + c = 22. Calculate the remainder when y is divided by 3.
0
Let s(m) = 6*m - 9. Let n be s(5). Suppose -12*i + n*i - 108 = 0. What is the remainder when 22 is divided by i?
10
Let b(q) = -q**3 + 6*q**2 - 19*q + 91. Let d(i) = i**3 - 4*i**2 + 17*i - 91. Let u(v) = -2*b(v) - 3*d(v). Calculate the remainder when u(0) is divided by 81.
10
Let i = 6131 - 5871. Calculate the remainder when i is divided by 80.
20
Let i(r) = r**2 + 4*r**2 - 4*r + 3*r. What is the remainder when 333/30 - -3 - (369/90)/41 is divided by i(1)?
2
Suppose 838*j - 425 = 837*j. What is the remainder when 428 is divided by j?
3
Calculate the remainder when (-42)/216*9 - (10809/(-12) + 2) is divided by 4/(-10) + (-306)/(-15).
17
Let u(k) = 25*k + 80 - 191 - 217 - k**2 + 30*k - 2*k. Calculate the remainder when 155 is divided by u(45).
27
Let u(a) = 96*a - 727. Calculate the remainder when 986 is divided by u(8).
2
Suppose 0 = 27*c - 29*c + 4. Suppose x = p + 3*p + 241, -p = -c*x + 55. Let f = p + 93. What is the remainder when f is divided by 11?
10
Suppose -504 - 190 = -43*o + 80. Calculate the remainder when 58*2/4 - 2 is divided by o.
9
Suppose z - 5*o - 27 = 0, 0*o + 3*o = 4*z - 40. Suppose -z*w + 3*w = -2*t + 50, 32 = 2*t + 5*w. Let n = 40 - t. What is the remainder when 73 is divided by n?
16
Let d(g) = -2*g**2 + 12*g + 3. Let n be d(6). What is the remainder when 87 is divided by (2/n)/(111/18 - 6)?
3
What is the remainder when 106 - 2/(-1*2) is divided by (24 - 80/(-112)*7) + 7?
35
Suppose 0 = -574*b + 570*b + 5*k + 23, 0 = b + 4*k - 11. What is the remainder when 25 is divided by b?
4
Suppose 5*p + 11 = -2*c, 4*c + 13 = -2*p + 15. Suppose -2*b = c*v - 992, -5*b + 2*v + 1641 = -818. What is the remainder when b is divided by 15?
13
Suppose -4*p = 4*a - 96, 0 = -a + p + 36 - 14. Calculate the remainder when 2087 is divided by a.
17
Let r be (10 + -1)*(-8)/2. Let j = r - -89. Let i = 95 - j. What is the remainder when i is divided by 9?
6
Let t = -286 + 451. Suppose 15 = 5*q - 125. What is the remainder when t is divided by q?
25
Let n = -17925 - -21854. Calculate the remainder when n is divided by 262.
261
Let x = 3508 - 3494. Calculate the remainder when 834 is divided by x.
8
Suppose -2*a + 4*a = 210. Suppose 0 = 2*c - 14 + 4. What is the remainder when a is divided by 4/(-10) - (364/c)/(-2)?
33
Let q(m) = -27*m**3 + 3*m**2 + 19*m + 90. Calculate the remainder when q(-5) is divided by 574.
1
What is the remainder when 527 is divided by (-28)/4 + 39 + (25 - 19)?
33
Let l = 308 + -268. Suppose -245 + l = -5*d. What is the remainder when d is divided by 15?
11
Let s(m) = 8*m + 59. Let h be s(-7). Calculate the remainder when (38/h*6)/(4/2) is divided by 5.
3
Let c be 0/(238/(-204) + (-2)/(-12)). Calculate the remainder when 201 is divided by (c - -1) + (-650)/(-13).
48
Suppose 3*b - 5 = -4*s, 2 + 3 = 5*s + 5*b. Suppose 2*w + v - 3 = s*v, -w = 5*v - 18. What is the remainder when ((-11)/w - -3) + (-1480)/(-24) is divided by 21?
19
Let u(w) = 9*w + 118. Let z(p) = p**3 - 4*p**2 - 2*p - 9. What is the remainder when u(-10) is divided by z(5)?
4
Suppose 0 = -2*c + c + 38. Suppose -10*m = 29 - 79. Suppose -m*p + 5*f + 55 = 10*f, 4*p - 58 = 3*f. What is the remainder when c is divided by p?
12
Suppose 4*x - 19*n + 22*n = -1197, -5*n - 609 = 2*x. Let s = x + 361. What is the remainder when 91 is divided by s?
27
Let y = 5952 - 5926. What is the remainder when 4703 is divided by y?
23
Suppose 0 = s + 5*b - 1152, 511 = 2*s + 5*b - 1763. Calculate the remainder when s is divided by 24.
18
Let q be 5/((-30)/(-576))*15/(-20). Calculate the remainder when 86 is divided by (4 + q/27)/(1/18).
14
Suppose -3*w + 7 = -2*v, -v - 9 + 10 = 0. Let j(n) = 10*n - 1 + 3 + n**2 + 0*n**2 + 0. Calculate the remainder when w is divided by j(-10).
1
Let s = -837 + 1178. What is the remainder when s is divided by 38?
37
Let q(f) = -9*f**2 - 11*f - 15. Let g(d) = -d + 1. Let u(t) = 4*g(t) - q(t). What is the remainder when u(-4) is divided by 46?
43
Let s(k) = -k**3 + 12*k**2 - 9*k + 105. Suppose -90*b + 143 = -77*b. What is the remainder when s(b) is divided by 26?
23
Let r(x) = 4*x**2 - x + 24. Let d(a) = -3*a**2 - 25. Let f(v) = 5*d(v) + 4*r(v). What is the remainder when 140 is divided by f(11)?
44
Let p = 3269 + -3155. Calculate the remainder when p is divided by (-1 + -3)*46/(-8).
22
Let j be (-151)/(-5) + (-3)/15. Suppose 0 = -3*l + 3*z + j, -12 = -3*l + z - 4*z. Let m = -1263 - -1267. Calculate the remainder when l is divided by m.
3
Let q = -2533 + 3817. Suppose -4*g + q = -p, g - 100 = 2*p + 221. Calculate the remainder when g is divided by 18.
15
What is the remainder when 516405/405 + 16/(-216) is divided by 116?
115
Let a(k) = -3*k**2 - 5*k - 6. Let s be a(-1). Let h(l) = 4*l**2 + 13*l + 48. Calculate the remainder when h(s) is divided by 35.
25
Let j = 1 - -1. Let o(u) = 23*u + 2. Let t = -5074 - -5081. What is the remainder when o(j) is divided by t?
6
Let u = -26 + 64. Suppose 9*r + 1410 - 1590 = 0. Calculate the remainder when u is divided by r.
18
Suppose 0 = -717*a + 721*a - 116. Suppose -3*c + 1 + 80 = 0. Let z = 59 + c. What is the remainder when z is divided by a?
28
Suppose 4*n = -3*o + 12, -2*n + 12 + 4 = 4*o. Suppose l - 2 = -p + 39, 176 = 4*l + 2*p. Calculate the remainder when l is divided by (n + 24/9)*6.
15
Let p be (-1 - -46)*15/(3/(-1)). What is the remainder when 506 is divided by (-136)/10*p/30?
98
Let u = -112 + 139. Suppose -2*b - 6 = 2*d - 0, -2*b - 4*d = 12. Suppose -f + 55 = -b*f + 5*r, -4*r = 20. Calculate the remainder when f is divided by u.
26
Let p be 5172/63 + (176/168)/(-11). Suppose -304 + 46 = -3*s - 3*u, -s = -u - p. Calculate the remainder when s is divided by 62.
22
Let b(a) = -a**3 + 7*a**2 - a - 3. Let p(x) = -4*x + 39. Let h be p(10). Calculate the remainder when b(6) is divided by 6/(h/((-25)/15)).
7
Let f(w) = 4*w + 93. Let b(r) = -9*r + 142. What is the remainder when b(11) is divided by f(-19)?
9
Let z(g) = -11*g - 18. Let d(t) = -22*t - 36. Let q(r) = 6*d(r) - 11*z(r). Let k = -2327 - -2314. What is the remainder when q(k) is divided by 16?
13
Suppose -4*k - 8 = 3*p - 28, 2*k = -5*p + 24. Suppose -k*m + 1008 = 14*m. What is the remainder when 500 is divided by m?
59
Let u = 269 + -266. Suppose -w + 5*w - 252 = u*j, -2*j = 0. What is the remainder when w is divided by 14?
7
Let c(d) = -2*d**3 + 10*d**2 - 8*d + 8. What is the remainder when -6 + 50 - 1*7 is divided by c(4)?
5
Suppose -18*n = -32*n - 6888. Let d = n - -526. Calculate the remainder when d is divided by 24.
10
Suppose -3*c = -3*m + 213, 0 = 5*m + 4*c + 31 - 368. What is the remainder when 8209 is divided by m?
67
Let h = -4 - -70. Suppose 0 = 5*y + 5*m - 2*m - 1264, -6*y + 5*m + 1534 = 0. Calculate the remainder when y is divided by h.
56
What is the remainder when 10545 is divided by (-14 + (-240)/90)*(-6)/4?
20
Suppose -1550 = -60*f + 1570. Suppose -2*l - l = -15. What is the remainder when f is divided by l?
2
Let w = 21767 - 21674. Calculate the remainder when 234 is divided by w.
48
Suppose 0 = -4*m + 3*m + 1, 4